f + 190398. Give u(-36).
-6
Let h(p) = -p**2 - 168*p + 9068. Determine h(43).
-5
Let j(l) = l**3 + 62*l**2 - 531*l - 240. What is j(8)?
-8
Let a(c) = 13*c**2 + 23*c + 21. Calculate a(-1).
11
Let m(l) = 87*l**2 - 4*l - 1. Calculate m(-2).
355
Let o(x) = 37*x + 1480. What is o(-40)?
0
Let t(r) = 132*r - 10552. Give t(80).
8
Let k(u) = 5*u**3 + 2*u**2 - u + 2. What is k(-2)?
-28
Let k(d) = -62*d + 175. What is k(3)?
-11
Let s(b) = -14*b + 642. Give s(50).
-58
Let c(v) = 2*v**3 + 217*v**2 - 107*v + 226. Calculate c(-109).
8
Let q(o) = o**3 - 16*o**2 - 122*o + 10. Give q(21).
-347
Let x(y) = 63*y - 270. Determine x(4).
-18
Let y(o) = 14*o**3 - 239*o**2 + 17*o + 28. Determine y(17).
28
Let l(b) = -b**3 - 23*b**2 + 53*b + 11. What is l(3)?
-64
Let q(d) = -25*d**2 + 280*d - 46. Determine q(11).
9
Let t(m) = m**2 - 31*m + 106. What is t(6)?
-44
Let x(l) = 2399*l - 16799. Determine x(7).
-6
Let h(r) = 2*r**3 + 33*r**2 - 94*r - 8. Give h(-19).
-27
Let a(d) = -2*d**3 + 36*d**2 - 157*d + 54. Give a(11).
21
Let k(u) = u**3 + 29*u**2 + 9*u + 255. Calculate k(-29).
-6
Let l(w) = -2896*w - 115836. Determine l(-40).
4
Let p(z) = z**3 + 19*z**2 + z + 26. Calculate p(-19).
7
Let c(w) = 17*w + 146. Give c(-11).
-41
Let r(v) = -8*v**3 + 20*v**2 + 6*v - 1. Calculate r(3).
-19
Let y(i) = 345*i - 2823. What is y(8)?
-63
Let x(q) = 285*q - 1440. What is x(5)?
-15
Let b(s) = -251*s + 16316. Give b(65).
1
Let a(g) = -421*g - 9687. Determine a(-23).
-4
Let s(b) = -35*b + 1352. Calculate s(35).
127
Let w(z) = 1324*z**2 + 1329*z + 4. Determine w(-1).
-1
Let i(p) = p**2 + 70*p + 931. Calculate i(-18).
-5
Let a(v) = 293*v - 25. What is a(-1)?
-318
Let c(t) = -36*t + 91. What is c(3)?
-17
Let t(g) = -772*g**2 + 5*g + 3. Calculate t(-1).
-774
Let j(x) = 548*x - 6026. Give j(11).
2
Let r(d) = -107*d - 712. Determine r(-8).
144
Let f(g) = -273*g + 1057. What is f(4)?
-35
Let w(a) = 2*a**3 - 5*a**2 + 68*a - 62. Calculate w(1).
3
Let s(t) = -57*t - 5532. Determine s(-97).
-3
Let l(w) = 2*w**2 + 30*w - 1942. What is l(-42)?
326
Let n(d) = 4*d - 66. Calculate n(27).
42
Let y(s) = 68*s - 9223. Calculate y(134).
-111
Let n(i) = 3*i**3 + 22*i**2 - 4*i - 119. Calculate n(-9).
-488
Let o(u) = u**3 + u**2 - 41*u - 122. Calculate o(-5).
-17
Let a(i) = 38*i - 1279. Determine a(34).
13
Let d(q) = -6*q**2 - 540*q - 38. Calculate d(-90).
-38
Let q(t) = 318*t + 1587. Give q(-5).
-3
Let p(z) = 42*z + 60. Calculate p(1).
102
Let o(m) = m**3 + 22*m**2 - 18*m - 106. Calculate o(-23).
-221
Let g(i) = 28*i**2 + 554*i + 1418. Determine g(-3).
8
Let i(y) = 4*y**2 + 12*y + 9. Give i(4).
121
Let p(t) = t**2 + 18*t - 598. Determine p(16).
-54
Let u(y) = -50*y + 498. What is u(11)?
-52
Let u(n) = n**3 - 29*n**2 - 19*n + 576. Determine u(29).
25
Let n(t) = -222*t + 1387. Determine n(6).
55
Let p(g) = -43*g - 133. Determine p(-3).
-4
Let l(c) = -5*c**3 - 2*c**2 + 177*c - 541. Determine l(3).
-163
Let t(r) = -2*r**3 + 30*r**2 - 49*r - 62. Calculate t(13).
-23
Let q(g) = -7*g + 591. Determine q(27).
402
Let s(k) = -32*k - 419. Calculate s(-24).
349
Let l(b) = -236*b + 511. Determine l(3).
-197
Let r(o) = 1711*o - 11947. Calculate r(7).
30
Let h(q) = -35*q**2 + 668*q - 140. Calculate h(19).
-83
Let u(s) = -s**3 + 54*s**2 + 52*s + 144. Determine u(55).
-21
Let z(o) = o**3 - 6*o**2 - 97*o + 409. What is z(4)?
-11
Let q(i) = 52*i - 1438. Calculate q(28).
18
Let g(p) = 47*p + 368. Give g(-8).
-8
Let o(r) = 44*r - 454. Calculate o(14).
162
Let a(o) = -55*o**2 - 183*o + 15. Calculate a(-3).
69
Let r(f) = -18*f - 687. Determine r(-43).
87
Let s(j) = -7*j**2 + 30*j + 159. What is s(-4)?
-73
Let u(v) = -v**3 + 27*v**2 + 85*v - 788. Calculate u(29).
-5
Let p(z) = -z**3 - 18*z**2 + 34*z + 141. Give p(-20).
261
Let w(v) = 13*v - 718. What is w(51)?
-55
Let f(x) = -2*x**3 + 2*x**2 + 11*x - 54. Give f(3).
-57
Let j(x) = -x**2 + 11*x - 11. What is j(1)?
-1
Let q(g) = -g**2 + 23*g - 38. Give q(25).
-88
Let g(r) = -r**2 - 33*r + 95. Determine g(-37).
-53
Let l(d) = -30*d - 1221. Calculate l(-43).
69
Let i(o) = -o**2 + 256*o - 13477. Determine i(182).
-9
Let p(h) = 124*h. Give p(-4).
-496
Let x(d) = -d**2 - 64*d - 837. What is x(-45)?
18
Let x(m) = -5*m**2 - 208*m - 992. Give x(-36).
16
Let n(w) = 1278*w + 2565. What is n(-2)?
9
Let g(y) = -6*y**2 - 2*y - 18. Calculate g(-3).
-66
Let f(w) = 6*w**2 - 81*w + 270. Determine f(6).
0
Let r(q) = -4*q**2 - 24*q + 302. Give r(8).
-146
Let x(h) = 347*h + 22543. Determine x(-65).
-12
Let v(m) = -m**3 - 5*m**2 - 7*m - 23. What is v(-4)?
-11
Let j(d) = d**2 - 14*d - 16. What is j(13)?
-29
Let l(o) = -o**3 - 32*o**2 + 105*o + 2. What is l(-35)?
2
Let b(u) = u**2 + 27*u - 1387. Determine b(-53).
-9
Let j(r) = -83*r - 817. Give j(-10).
13
Let d(y) = y**3 - 11*y**2 - 9*y - 71. Give d(12).
-35
Let k(b) = -b**3 + 21*b**2 - 48*b + 1535. Give k(22).
-5
Let b(r) = -2*r**3 + 8*r**2 + 117*r + 29. Calculate b(10).
-1
Let c(v) = 234*v - 28008. What is c(120)?
72
Let j(w) = w**3 + 6*w**2 - 19*w + 8. Calculate j(-8).
32
Let b(o) = 3*o**2 - 23*o - 134. Calculate b(-4).
6
Let o(d) = d**2 + 95*d + 361. What is o(-89)?
-173
Let c(x) = -38*x**2 + 23*x - 36. Determine c(5).
-871
Let a(h) = 40*h - 1366. Give a(43).
354
Let r(x) = x**3 + 9*x**2 - 17*x - 70. Calculate r(-10).
0
Let s(d) = -2*d**2 - 177*d - 980. Give s(-83).
-67
Let l(k) = 588*k - 2377. What is l(4)?
-25
Let i(o) = -o**3 - 36*o**2 - 10*o - 1742. What is i(-37)?
-3
Let r(f) = -f**3 + f**2 - 362*f + 723. Give r(2).
-5
Let f(c) = 7*c**2 + 85*c - 65. Give f(-13).
13
Let c(i) = -3*i**3 - 75*i**2 + 25. What is c(-25)?
25
Let x(w) = w**3 + 48*w**2 + 43*w - 200. Give x(-47).
-12
Let c(v) = 755*v + 3022. Calculate c(-4).
2
Let l(r) = -26*r**2 - 1992*r + 764. Give l(-77).
-6
Let i(f) = f**3 - 133*f**2 + 105*f + 3547. Determine i(132).
-17
Let y(x) = -x**3 - 26*x**2 + 73*x - 62. Determine y(-30).
1348
Let d(p) = -10*p**3 - 80*p**2 + 5*p + 527. Give d(-7).
2
Let u(o) = -o**2 - 22*o + 34. Give u(-24).
-14
Let r(g) = -g**2 - 22*g - 85. Determine r(-20).
-45
Let p(b) = -2*b**3 + 98*b**2 - 185*b - 134. What is p(47)?
7
Let g(b) = 11*b**2 + 2*b - 22. Give g(3).
83
Let s(r) = 133*r - 4023. Calculate s(30).
-33
Let z(n) = n**3 + 6*n**2 - 37*n - 92. What is z(-9)?
-2
Let t(f) = f**3 - 23*f**2 + 56*f + 91. What is t(20)?
11
Let k(f) = -150*f**2 + 16*f + 16. Give k(-1).
-150
Let j(p) = p + 144. What is j(-7)?
137
Let u(i) = i**3 + 69*i**2 - 17*i - 1206. What is u(-69)?
-33
Let a(g) = -g**3 + 875*g**2 + 16079*g + 85. Calculate a(-18).
-5
Let l(y) = 93*y + 141. Calculate l(-2).
-45
Let j(y) = y**3 - 88*y**2 + 705*y + 478. What is j(79)?
4
Let b(s) = 4548*s + 63665. Calculate b(-14).
-7
Let s(n) = 5*n**2 + 167*n - 109. Determine s(-34).
-7
Let f(x) = -x**3 + 10*x**2 + 3*x + 69. Give f(11).
-19
Let k(b) = -15*b**2 - 108*b - 84. Determine k(-7).
-63
Let k(n) = 11*n**3 + 5*n**2 + 14*n - 78. What is k(3)?
306
Let h(g) = -g**2 - 3*g + 136. Calculate h(-12).
28
Let r(i) = -i**2 - 88*i - 373. Calculate r(-4).
-37
Let b(p) = 38*p - 33. What is b(4)?
119
Let i(x) = -x**2 - 54*x + 5457. Determine i(-106).
-55
Let x(f) = -1598*f + 3185. Give x(2).
-11
Let n(x) = -78*x + 13. What is n(2)?
-143
Let b(r) = -124*r**3 + 2*r**2 - 2*r - 4. What is b(-1)?
124
Let u(b) = 13*b**2 - 2808*b - 39. What is u(216)?
-39
Let f(u) = -10*u**2 - 2*u + 3. Determine f(-2).
-33
Let x(r) = 14*r + 59. What is x(-2)?
31
Let n(s) = 43*s - 364. Calculate n(9).
23
Let y(t) = 3136*t + 9509. Calculate y(-3).
101
Let l(t) = -112*t**2 + 1216*t + 163. Calculate l(11).
-13
Let d(r) = -53*r - 7369. Determine d(-139).
-2
Let h(w) = 50*w + 97. Calculate h(-2).
-3
Let v(m) = m**3 + 27*m**2 + 5*m + 2. What is v(4)?
518
Let z(x) = -4*x**2 - 262*x + 663. Give z(-68).
-17
Let d(k) = 2*k**3 - 87*k**2 + 36*k + 293. What is d(43)?
-8
Let r(z) = 393*z - 28236. What is r(72)?
60
Let r(l) = -4*l + 274. Give r(-7).
302
Let v(f) = -f**3 + 48*f**2 - 218*f + 18. Calculate v(5).
3
Let g(k) = 2*k**2 + 28*k - 103. What is g(-17)?
-1
Let b(d) = -d**3 - 3*d + 4. What is b(2)?
-10
Let z(p) = p**3 - p**2 - 55*p + 90. Give z(7).
-1
Let l(p) = -2*p**3 - 16*p**2 - 12*p - 63. What is l(-7)?
-77
Let o(h) = -2*h**2 - 4*h + 169. What is o(6)?
73
Let t(i) = -219*i + 332. Determine t(-1).
551
Let t(o) = o**2 + 6*o - 21. What is t(2)?
-5
Let a(u) =